{"id":162,"date":"2020-02-08T16:16:01","date_gmt":"2020-02-08T15:16:01","guid":{"rendered":"http:\/\/ahdeudi.cluster026.hosting.ovh.net\/index.php\/notre-histoire-2\/"},"modified":"2020-02-11T13:02:05","modified_gmt":"2020-02-11T12:02:05","slug":"notre-histoire","status":"publish","type":"page","link":"https:\/\/lesanctuairedes4pattes.fr\/index.php\/notre-histoire\/","title":{"rendered":"Notre Histoire"},"content":{"rendered":"<div class=\"nicepage-container\"><div class=\"\" style=\"\" >        <script>\n            (function ($) {\n                var ResponsiveCms = window.ResponsiveCms;\n                if (!ResponsiveCms) {\n                    return;\n                }\n                ResponsiveCms.contentDom = $('script:last').parent();\n                ResponsiveCms.prevMode = \"XL\";\n\n                if (typeof ResponsiveCms.recalcClasses === 'function') {\n                    ResponsiveCms.recalcClasses();\n                }\n            })(jQuery);\n        <\/script>\n        \n    \n    <section class=\"u-clearfix u-image u-image-contain u-section-2\" id=\"sec-f116\" data-image-width=\"1126\" data-image-height=\"169\">\n      <div class=\"u-clearfix u-sheet u-sheet-1\"><\/div>\n    <\/section>\n    <section class=\"u-align-left u-clearfix u-grey-5 u-section-3\" id=\"sec-44a8\">\n      <div class=\"u-clearfix u-sheet u-sheet-1\">\n        <h2 class=\"u-text u-text-1\">Notre Histoire<\/h2>\n        <p class=\"u-text u-text-2\">C'est en regardant ce film\/reportage que vous comprendrez mes motivations pour avoir cr\u00e9\u00e9e cette soci\u00e9t\u00e9. C'est ainsi que mon histoire devient la v\u00f4tre.<\/p>\n      <\/div>\n    <\/section>\n    <section class=\"u-clearfix u-section-4\" id=\"sec-3423\">\n      <div class=\"u-clearfix u-sheet u-sheet-1\">\n        <div class=\"u-align-left u-left-0 u-video u-video-1\">\n          <div style=\"position: absolute; width: 100%; left: 0; height: 100%; top: 0;\" class=\"embed-responsive\">\n            <iframe style=\"position: absolute;top: 0;left: 0;width: 100%;height: 100%;\" class=\"embed-responsive-item\" src=\"https:\/\/www.youtube.com\/embed\/mutHnVqr6fs?mute=0&amp;showinfo=0&amp;controls=0&amp;start=0\" frameborder=\"0\" allowfullscreen=\"\"><\/iframe>\n          <\/div>\n        <\/div>\n      <\/div>\n    <\/section>\n    <section class=\"u-align-center u-clearfix u-section-5\" id=\"sec-7735\">\n      <div class=\"u-clearfix u-sheet u-sheet-1\">\n        <div class=\"u-clearfix u-expanded-width u-layout-wrap u-layout-wrap-1\">\n          <div class=\"u-layout\">\n            <div class=\"u-layout-row\" style=\"\">\n              <div class=\"u-align-center u-container-style u-layout-cell u-left-cell u-size-20 u-layout-cell-1\">\n                <div class=\"u-container-layout u-container-layout-1\">\n                  <img decoding=\"async\" src=\"https:\/\/lesanctuairedes4pattes.fr\/wp-content\/uploads\/2020\/02\/MIROIR-4.jpg\" alt=\"\" class=\"u-expanded-width u-image u-image-default u-image-1\" data-image-width=\"1600\" data-image-height=\"1200\" data-href=\"https:\/\/lesanctuairedes4pattes.fr\/index.php\/urnes-funeraires\/\">\n                  <h3 class=\"u-text u-text-1\">Urnes Fun\u00e9raires<\/h3>\n                <\/div>\n              <\/div>\n              <div class=\"u-container-style u-layout-cell u-size-20 u-layout-cell-2\">\n                <div class=\"u-container-layout u-container-layout-2\">\n                  <img decoding=\"async\" src=\"https:\/\/lesanctuairedes4pattes.fr\/wp-content\/uploads\/2020\/02\/SDVNW21-3.jpg\" alt=\"\" class=\"u-expanded-width u-image u-image-default u-image-2\" data-image-width=\"1600\" data-image-height=\"1200\" data-href=\"https:\/\/lesanctuairedes4pattes.fr\/index.php\/reliquaires\/\">\n                  <h3 class=\"u-align-center u-text u-text-2\">Reliquaires<\/h3>\n                <\/div>\n              <\/div>\n              <div class=\"u-align-center u-container-style u-layout-cell u-right-cell u-size-20 u-layout-cell-3\">\n                <div class=\"u-container-layout u-container-layout-3\">\n                  <img decoding=\"async\" src=\"https:\/\/lesanctuairedes4pattes.fr\/wp-content\/uploads\/2020\/02\/urnes5-3.jpg\" alt=\"\" class=\"u-expanded-width u-image u-image-default u-image-3\" data-image-width=\"1600\" data-image-height=\"1200\" data-href=\"https:\/\/lesanctuairedes4pattes.fr\/index.php\/accessoires\/\">\n                  <h3 class=\"u-text u-text-3\">Accessoires<\/h3>\n                <\/div>\n              <\/div>\n            <\/div>\n          <\/div>\n        <\/div>\n      <\/div>\n    <\/section>\n    \n\n    \n  \n<\/div><\/div>","protected":false},"excerpt":{"rendered":"<p>Notre Histoire C&rsquo;est en regardant ce film\/reportage que vous comprendrez mes motivations pour avoir cr\u00e9\u00e9e cette soci\u00e9t\u00e9. C&rsquo;est ainsi que mon histoire devient la v\u00f4tre. Urnes Fun\u00e9raires Reliquaires Accessoires<\/p>\n","protected":false},"author":1,"featured_media":0,"parent":0,"menu_order":4,"comment_status":"closed","ping_status":"closed","template":"","meta":{"ocean_post_layout":"","ocean_both_sidebars_style":"","ocean_both_sidebars_content_width":0,"ocean_both_sidebars_sidebars_width":0,"ocean_sidebar":"","ocean_second_sidebar":"","ocean_disable_margins":"enable","ocean_add_body_class":"","ocean_shortcode_before_top_bar":"","ocean_shortcode_after_top_bar":"","ocean_shortcode_before_header":"","ocean_shortcode_after_header":"","ocean_has_shortcode":"","ocean_shortcode_after_title":"","ocean_shortcode_before_footer_widgets":"","ocean_shortcode_after_footer_widgets":"","ocean_shortcode_before_footer_bottom":"","ocean_shortcode_after_footer_bottom":"","ocean_display_top_bar":"default","ocean_display_header":"default","ocean_header_style":"","ocean_center_header_left_menu":"","ocean_custom_header_template":"","ocean_custom_logo":0,"ocean_custom_retina_logo":0,"ocean_custom_logo_max_width":0,"ocean_custom_logo_tablet_max_width":0,"ocean_custom_logo_mobile_max_width":0,"ocean_custom_logo_max_height":0,"ocean_custom_logo_tablet_max_height":0,"ocean_custom_logo_mobile_max_height":0,"ocean_header_custom_menu":"","ocean_menu_typo_font_family":"","ocean_menu_typo_font_subset":"","ocean_menu_typo_font_size":0,"ocean_menu_typo_font_size_tablet":0,"ocean_menu_typo_font_size_mobile":0,"ocean_menu_typo_font_size_unit":"px","ocean_menu_typo_font_weight":"","ocean_menu_typo_font_weight_tablet":"","ocean_menu_typo_font_weight_mobile":"","ocean_menu_typo_transform":"","ocean_menu_typo_transform_tablet":"","ocean_menu_typo_transform_mobile":"","ocean_menu_typo_line_height":0,"ocean_menu_typo_line_height_tablet":0,"ocean_menu_typo_line_height_mobile":0,"ocean_menu_typo_line_height_unit":"","ocean_menu_typo_spacing":0,"ocean_menu_typo_spacing_tablet":0,"ocean_menu_typo_spacing_mobile":0,"ocean_menu_typo_spacing_unit":"","ocean_menu_link_color":"","ocean_menu_link_color_hover":"","ocean_menu_link_color_active":"","ocean_menu_link_background":"","ocean_menu_link_hover_background":"","ocean_menu_link_active_background":"","ocean_menu_social_links_bg":"","ocean_menu_social_hover_links_bg":"","ocean_menu_social_links_color":"","ocean_menu_social_hover_links_color":"","ocean_disable_title":"default","ocean_disable_heading":"default","ocean_post_title":"","ocean_post_subheading":"","ocean_post_title_style":"","ocean_post_title_background_color":"","ocean_post_title_background":0,"ocean_post_title_bg_image_position":"","ocean_post_title_bg_image_attachment":"","ocean_post_title_bg_image_repeat":"","ocean_post_title_bg_image_size":"","ocean_post_title_height":0,"ocean_post_title_bg_overlay":0.5,"ocean_post_title_bg_overlay_color":"","ocean_disable_breadcrumbs":"default","ocean_breadcrumbs_color":"","ocean_breadcrumbs_separator_color":"","ocean_breadcrumbs_links_color":"","ocean_breadcrumbs_links_hover_color":"","ocean_display_footer_widgets":"default","ocean_display_footer_bottom":"default","ocean_custom_footer_template":"","footnotes":""},"class_list":["post-162","page","type-page","status-publish","hentry","entry"],"yoast_head":"<!-- This site is optimized with the Yoast SEO plugin v27.2 - https:\/\/yoast.com\/product\/yoast-seo-wordpress\/ -->\n<title>Notre Histoire - Le Sanctuaire des 4 pattes<\/title>\n<meta name=\"robots\" content=\"index, follow, max-snippet:-1, max-image-preview:large, max-video-preview:-1\" \/>\n<link rel=\"canonical\" href=\"https:\/\/lesanctuairedes4pattes.fr\/index.php\/notre-histoire\/\" \/>\n<meta property=\"og:locale\" content=\"fr_FR\" \/>\n<meta property=\"og:type\" content=\"article\" \/>\n<meta property=\"og:title\" content=\"Notre Histoire - Le Sanctuaire des 4 pattes\" \/>\n<meta property=\"og:description\" content=\"Notre Histoire C&#039;est en regardant ce film\/reportage que vous comprendrez mes motivations pour avoir cr\u00e9\u00e9e cette soci\u00e9t\u00e9. C&#039;est ainsi que mon histoire devient la v\u00f4tre. Urnes Fun\u00e9raires Reliquaires Accessoires\" \/>\n<meta property=\"og:url\" content=\"https:\/\/lesanctuairedes4pattes.fr\/index.php\/notre-histoire\/\" \/>\n<meta property=\"og:site_name\" content=\"Le Sanctuaire des 4 pattes\" \/>\n<meta property=\"article:modified_time\" content=\"2020-02-11T12:02:05+00:00\" \/>\n<meta name=\"twitter:card\" content=\"summary_large_image\" \/>\n<script type=\"application\/ld+json\" class=\"yoast-schema-graph\">{\"@context\":\"https:\/\/schema.org\",\"@graph\":[{\"@type\":\"WebPage\",\"@id\":\"https:\/\/lesanctuairedes4pattes.fr\/index.php\/notre-histoire\/\",\"url\":\"https:\/\/lesanctuairedes4pattes.fr\/index.php\/notre-histoire\/\",\"name\":\"Notre Histoire - Le Sanctuaire des 4 pattes\",\"isPartOf\":{\"@id\":\"https:\/\/lesanctuairedes4pattes.fr\/#website\"},\"datePublished\":\"2020-02-08T15:16:01+00:00\",\"dateModified\":\"2020-02-11T12:02:05+00:00\",\"breadcrumb\":{\"@id\":\"https:\/\/lesanctuairedes4pattes.fr\/index.php\/notre-histoire\/#breadcrumb\"},\"inLanguage\":\"fr-FR\",\"potentialAction\":[{\"@type\":\"ReadAction\",\"target\":[\"https:\/\/lesanctuairedes4pattes.fr\/index.php\/notre-histoire\/\"]}]},{\"@type\":\"BreadcrumbList\",\"@id\":\"https:\/\/lesanctuairedes4pattes.fr\/index.php\/notre-histoire\/#breadcrumb\",\"itemListElement\":[{\"@type\":\"ListItem\",\"position\":1,\"name\":\"Accueil\",\"item\":\"https:\/\/lesanctuairedes4pattes.fr\/\"},{\"@type\":\"ListItem\",\"position\":2,\"name\":\"Notre Histoire\"}]},{\"@type\":\"WebSite\",\"@id\":\"https:\/\/lesanctuairedes4pattes.fr\/#website\",\"url\":\"https:\/\/lesanctuairedes4pattes.fr\/\",\"name\":\"Le Sanctuaire des 4 pattes\",\"description\":\"Fabrication d&#039;articles fun\u00e9raires pour animaux\",\"potentialAction\":[{\"@type\":\"SearchAction\",\"target\":{\"@type\":\"EntryPoint\",\"urlTemplate\":\"https:\/\/lesanctuairedes4pattes.fr\/?s={search_term_string}\"},\"query-input\":{\"@type\":\"PropertyValueSpecification\",\"valueRequired\":true,\"valueName\":\"search_term_string\"}}],\"inLanguage\":\"fr-FR\"}]}<\/script>\n<!-- \/ Yoast SEO plugin. -->","yoast_head_json":{"title":"Notre Histoire - Le Sanctuaire des 4 pattes","robots":{"index":"index","follow":"follow","max-snippet":"max-snippet:-1","max-image-preview":"max-image-preview:large","max-video-preview":"max-video-preview:-1"},"canonical":"https:\/\/lesanctuairedes4pattes.fr\/index.php\/notre-histoire\/","og_locale":"fr_FR","og_type":"article","og_title":"Notre Histoire - Le Sanctuaire des 4 pattes","og_description":"Notre Histoire C'est en regardant ce film\/reportage que vous comprendrez mes motivations pour avoir cr\u00e9\u00e9e cette soci\u00e9t\u00e9. C'est ainsi que mon histoire devient la v\u00f4tre. Urnes Fun\u00e9raires Reliquaires Accessoires","og_url":"https:\/\/lesanctuairedes4pattes.fr\/index.php\/notre-histoire\/","og_site_name":"Le Sanctuaire des 4 pattes","article_modified_time":"2020-02-11T12:02:05+00:00","twitter_card":"summary_large_image","schema":{"@context":"https:\/\/schema.org","@graph":[{"@type":"WebPage","@id":"https:\/\/lesanctuairedes4pattes.fr\/index.php\/notre-histoire\/","url":"https:\/\/lesanctuairedes4pattes.fr\/index.php\/notre-histoire\/","name":"Notre Histoire - Le Sanctuaire des 4 pattes","isPartOf":{"@id":"https:\/\/lesanctuairedes4pattes.fr\/#website"},"datePublished":"2020-02-08T15:16:01+00:00","dateModified":"2020-02-11T12:02:05+00:00","breadcrumb":{"@id":"https:\/\/lesanctuairedes4pattes.fr\/index.php\/notre-histoire\/#breadcrumb"},"inLanguage":"fr-FR","potentialAction":[{"@type":"ReadAction","target":["https:\/\/lesanctuairedes4pattes.fr\/index.php\/notre-histoire\/"]}]},{"@type":"BreadcrumbList","@id":"https:\/\/lesanctuairedes4pattes.fr\/index.php\/notre-histoire\/#breadcrumb","itemListElement":[{"@type":"ListItem","position":1,"name":"Accueil","item":"https:\/\/lesanctuairedes4pattes.fr\/"},{"@type":"ListItem","position":2,"name":"Notre Histoire"}]},{"@type":"WebSite","@id":"https:\/\/lesanctuairedes4pattes.fr\/#website","url":"https:\/\/lesanctuairedes4pattes.fr\/","name":"Le Sanctuaire des 4 pattes","description":"Fabrication d&#039;articles fun\u00e9raires pour animaux","potentialAction":[{"@type":"SearchAction","target":{"@type":"EntryPoint","urlTemplate":"https:\/\/lesanctuairedes4pattes.fr\/?s={search_term_string}"},"query-input":{"@type":"PropertyValueSpecification","valueRequired":true,"valueName":"search_term_string"}}],"inLanguage":"fr-FR"}]}},"jetpack_sharing_enabled":true,"_links":{"self":[{"href":"https:\/\/lesanctuairedes4pattes.fr\/index.php\/wp-json\/wp\/v2\/pages\/162","targetHints":{"allow":["GET"]}}],"collection":[{"href":"https:\/\/lesanctuairedes4pattes.fr\/index.php\/wp-json\/wp\/v2\/pages"}],"about":[{"href":"https:\/\/lesanctuairedes4pattes.fr\/index.php\/wp-json\/wp\/v2\/types\/page"}],"author":[{"embeddable":true,"href":"https:\/\/lesanctuairedes4pattes.fr\/index.php\/wp-json\/wp\/v2\/users\/1"}],"replies":[{"embeddable":true,"href":"https:\/\/lesanctuairedes4pattes.fr\/index.php\/wp-json\/wp\/v2\/comments?post=162"}],"version-history":[{"count":2,"href":"https:\/\/lesanctuairedes4pattes.fr\/index.php\/wp-json\/wp\/v2\/pages\/162\/revisions"}],"predecessor-version":[{"id":225,"href":"https:\/\/lesanctuairedes4pattes.fr\/index.php\/wp-json\/wp\/v2\/pages\/162\/revisions\/225"}],"wp:attachment":[{"href":"https:\/\/lesanctuairedes4pattes.fr\/index.php\/wp-json\/wp\/v2\/media?parent=162"}],"curies":[{"name":"wp","href":"https:\/\/api.w.org\/{rel}","templated":true}]}}